atest common factor of 17 and u.
17
Suppose 4*m - o - 4 = 6, 5*m - 3*o - 9 = 0. Suppose m*c - 380 + 86 = 0. Calculate the greatest common factor of 14 and c.
14
Let f(v) = -2*v + 28. Let l be f(-6). What is the highest common factor of 4 and l?
4
Suppose 0 = -88*c + 92*c - 28. Calculate the greatest common divisor of 21 and c.
7
Let s(k) be the first derivative of 4*k**2 + 6*k - 3. Let g be s(6). Calculate the highest common divisor of 6 and g.
6
Suppose -2*o = -o - 16. Suppose 0*z - 8 = 2*z. Let k be (2 - 0)*z*-10. What is the highest common factor of k and o?
16
Let o(f) be the third derivative of -f**4/8 - f**3/2 + f**2. Suppose 3*j - 2 = 4*j. Let q be o(j). What is the highest common factor of q and 27?
3
Let w(s) = s + 8. Let z be w(-5). Let r be 4/((z/6)/1). Calculate the highest common factor of r and 64.
8
Let o = -21 + 34. Suppose -2*b - 2*w + 6 = -18, 2*b = -5*w + 21. Calculate the greatest common divisor of o and b.
13
Let p = 0 + 0. Suppose p = 5*b - 68 - 12. Let n(t) = -t**3 + 13*t**2 - 10*t - 16. Let m be n(12). Calculate the highest common divisor of b and m.
8
Let o(s) = 2*s + 4*s**2 + 25*s**3 + 10*s**2 + 7 - 26*s**3. Let v be o(14). What is the highest common divisor of v and 5?
5
Let d(i) = 4*i - 7. Let l be d(5). Calculate the greatest common factor of l and 65.
13
Let w(x) = -x**3 - 2*x**2 - 6*x + 3. Let p be w(-6). Let f = p - 126. Calculate the highest common factor of f and 19.
19
Let a(s) = -s**3 - 7*s**2 - 6*s + 7. Let x be a(-6). What is the greatest common factor of 1 and x?
1
Let w = 139 + -19. Let r(p) = p**3 - 2*p**2 + p + 24. Let y be r(0). What is the highest common factor of y and w?
24
Suppose -2*f = -2*o + 8, -o - f + 2 = 8. Let n be 24/(o - 14/(-8)). Let b be 10*-1*6/(-15). Calculate the highest common factor of b and n.
4
Let x = 5 - 0. Suppose -2*u = -u - 4. Suppose -q - 3 = -u*q. What is the highest common divisor of x and q?
1
Let g(f) = f**3 + 7*f**2 - 2*f + 2. Let y be g(-6). Calculate the greatest common factor of y and 20.
10
Let y(m) = 2*m**2 + 8*m. Let b be y(9). Calculate the highest common divisor of 26 and b.
26
Let t be ((-2)/(-4))/(1/22). Suppose -5*g - 33 = -3*v, 0*v + t = v + 2*g. Let c = 17 - 6. Calculate the highest common factor of v and c.
11
Let v be (-34)/(1 + -3) - 2. What is the highest common divisor of v and 15?
15
Suppose w - 1 = -g, 2*g + 4*w = -3 - 3. Calculate the greatest common factor of g and 20.
5
Let t(r) = r**2 + r + 2. Let c be t(-2). Suppose -22 = -v - 5*i + 8, 0 = -c*v - 4*i + 136. What is the highest common factor of v and 5?
5
Suppose 0 = -4*k - 2 - 6. Let q be (7 - -3) + (k - -3). Calculate the greatest common divisor of 110 and q.
11
Let u be (7/(-1))/(2 - 3). What is the greatest common factor of u and 49?
7
Let x(p) = p + 5. Let y be x(0). Suppose y*g + 498 = 2*g. Let d = -116 - g. What is the greatest common divisor of 20 and d?
10
Let o be 4/(-5) - (-14752)/40. What is the greatest common factor of o and 46?
46
Let r = 59 + -29. Let u(j) = -j**2 - 7*j - 1. Let o = -3 - 3. Let l be u(o). What is the highest common divisor of r and l?
5
Suppose 11*t = 10*t + 17. Let v(a) = 20*a - 1. Let w be v(6). Calculate the highest common factor of w and t.
17
Suppose -6 - 14 = -2*m. Let t be 38/8 + 3/12. Calculate the greatest common factor of m and t.
5
Suppose -3*x = 4*s - x + 518, 4*x = 4. Let g be 3/1 - (s - 2). Let j be (-214)/(-14) - (-2)/(-7). What is the greatest common divisor of g and j?
15
Suppose 48 = -2*y + 6*y + 4*a, 3*y = -a + 36. Calculate the greatest common divisor of 132 and y.
12
Suppose 0 = 3*y - o - 2*o - 30, 2*o = -3*y + 45. Let m = 278 + -135. What is the highest common divisor of m and y?
13
Let q be ((-12)/30)/((-1)/50). Let n = 9 - 5. Suppose 0*u - 152 = -3*c - u, 0 = -3*c + n*u + 142. Calculate the greatest common factor of q and c.
10
Let n(j) be the second derivative of 19*j**3/3 - 2*j**2 - 2*j. Let h be n(2). What is the highest common divisor of 9 and h?
9
Let z = -614 + 866. What is the greatest common factor of 28 and z?
28
Let c = 16 + -9. Suppose 3*s - 9 = 0, -4*s - 23 = d - 6*d. Calculate the greatest common factor of d and c.
7
Let t(x) = x**3 - 2*x + 80. Let y be t(0). What is the highest common factor of 20 and y?
20
Let x be 5*((-48)/5)/(-3). Suppose -14*b + 9*b = -320. What is the highest common divisor of x and b?
16
Suppose -2*r + 54 = -4*d, 3*r - 26 = -3*d + 19. Calculate the highest common factor of 171 and r.
19
Let w be 29/2 + (-1)/(-2). What is the greatest common divisor of w and 60?
15
Let h(z) = -z**3 + 9*z**2 - 11*z - 16. Let d be h(7). Calculate the highest common factor of d and 5.
5
Let w be (-28)/(-70) + 8/5. What is the highest common factor of w and 32?
2
Suppose -2*a + 77 = 3*o, a - 8 = -o + 18. Calculate the greatest common divisor of o and 5.
5
Suppose 5*d - 231 = -4*g, -66 = g - 2*g - 4*d. Suppose -5*c - 6*o + 18 = -2*o, 2*o + 30 = 4*c. What is the greatest common factor of c and g?
6
Let f = -8 - -17. Suppose 146 = 2*x + 20. What is the greatest common divisor of x and f?
9
Let a(y) = -y**3 - 12*y**2 + 8*y + 8. Let j be a(-14). What is the greatest common divisor of 32 and j?
32
Suppose -9 = -5*a + 11. Let y be (a - 1)*(4 + -1). Calculate the highest common factor of 63 and y.
9
Let r = 7 - 3. Suppose 3*b = 14 + r. What is the greatest common factor of b and 48?
6
Let l be 24/(-20)*10/3. Let i be 116 + -1 - l/2. Suppose 46 - 15 = 2*t - x, 2*t - 36 = 2*x. What is the highest common factor of t and i?
13
Let l = -19 + 29. Calculate the greatest common divisor of 20 and l.
10
Let j(l) = l**2 - 6*l - 24. Let t be j(-6). Calculate the greatest common divisor of t and 36.
12
Let p be (4/5)/((36/15)/6). What is the greatest common factor of 2 and p?
2
Suppose 3*l = -3*y + 126, l - 32 = 4*y - 190. Let t be 0 - 1*(-5 - 0). What is the greatest common divisor of t and y?
5
Suppose 5*v + 15 = 60. Calculate the highest common factor of v and 81.
9
Suppose 3*k + 220 = -2*k. Suppose -s - 140 = s. Let x = k - s. What is the highest common factor of 13 and x?
13
Let a be ((-6)/3 - -1)*-8. Suppose 3*j + 125 = 3*d - 2*j, -2*d - 4*j + 76 = 0. What is the highest common divisor of d and a?
8
Let l(j) = 5*j - 3. Let g be l(7). Let t = 75 - g. Suppose w - t = 47. Calculate the greatest common divisor of w and 10.
10
Let k = 35 + -13. Calculate the greatest common factor of k and 22.
22
Let f be 3 + 0 + -1 + 12. Let j = f - -14. Suppose -u = -4 - 0. What is the greatest common factor of j and u?
4
Let n(u) = -u + 1. Let c be n(-9). Let s = 5 + -2. Suppose o = s*o - c. What is the highest common factor of o and 5?
5
Suppose 0 = -5*r + 2*w - 1 + 254, -131 = -3*r - 4*w. What is the highest common divisor of r and 14?
7
Let a(x) = 312*x + 3. Let y be a(1). Calculate the greatest common divisor of y and 35.
35
Suppose 144 = 3*c + c. What is the highest common divisor of c and 12?
12
Let x(c) = -175*c - 1. Let m be x(-1). Let f = -83 + m. What is the highest common divisor of f and 13?
13
Suppose -55*m + 56*m - 14 = 0. Calculate the greatest common divisor of m and 14.
14
Let l be (-678)/(-10) + (-120)/25 + 5. Calculate the highest common divisor of 102 and l.
34
Suppose -4*b + 4*q + 64 = 0, -b + 2*b - 24 = 3*q. Calculate the highest common divisor of 60 and b.
12
Let k = 13 + -3. What is the highest common divisor of k and 30?
10
Let i(u) = -u**2 - 14*u + 0*u**2 - 5 + 11. Let c be i(-8). Calculate the greatest common factor of 6 and c.
6
Let f = -455 + 714. Suppose -3*w - 4*b + 176 = 0, 5*w - 23 = -b + f. Calculate the greatest common divisor of w and 7.
7
Let p = 98 + -66. Calculate the highest common factor of 4 and p.
4
Let m be ((-99)/(-1) - -2) + -2. Let a(h) = 3*h**2 - 1. Let w be a(2). Calculate the greatest common divisor of w and m.
11
Suppose -5*d = 4*b - 180, -25 = 3*b + 2*b. Calculate the greatest common divisor of d and 5.
5
Suppose 0*x + 2*x + 4 = 0. Let c = 2 - x. Suppose c*m + 5*l = 41, -2 = -3*l + 1. Calculate the greatest common factor of 9 and m.
9
Suppose 5*z - 6 = -t + 1, 4*z = 2*t + 14. Let j = 3 - t. What is the highest common divisor of j and 30?
6
Suppose -456 = q - 4*q. What is the highest common divisor of q and 19?
19
Suppose 5*t + 5 = 0, 0*a - 1 = -4*a + t. Suppose -5*l - 36 = -3*v, 4*v - 2*l = -a*v + 34. 